 10, what is -5 - -32?
27
In base 14, what is d - 6?
7
In base 5, what is 1332 + -1?
1331
In base 15, what is 59 - 2?
57
In base 8, what is 10 + 171?
201
In base 15, what is 7d + 0?
7d
In base 2, what is 101100100001011 + -10?
101100100001001
In base 5, what is 1110 - -120?
1230
In base 13, what is 2 + -24?
-22
In base 9, what is 80 + 53?
143
In base 8, what is -6 - -27?
21
In base 7, what is -6 - -546?
540
In base 12, what is -5 + -1b7?
-200
In base 3, what is 2211 + 0?
2211
In base 10, what is -1 + 898?
897
In base 6, what is -24402 + -4?
-24410
In base 8, what is -107 + 4?
-103
In base 6, what is 20 + -5?
11
In base 5, what is -312 - -3?
-304
In base 6, what is 442 - -11?
453
In base 5, what is 203 + -1441?
-1233
In base 2, what is 100 - 11000?
-10100
In base 5, what is -231 - 10?
-241
In base 3, what is -1120122100 - -1?
-1120122022
In base 7, what is -344 + 4?
-340
In base 2, what is -1 + 1100000111?
1100000110
In base 8, what is 5 - -474?
501
In base 3, what is 1 + -2?
-1
In base 15, what is b - 8?
3
In base 16, what is -3 - 6c?
-6f
In base 7, what is 6 - 262?
-253
In base 2, what is 10 - -110010010011?
110010010101
In base 14, what is -24 - -4?
-20
In base 8, what is 1311 + -3?
1306
In base 11, what is 3 - -20a?
212
In base 10, what is 31 - -349?
380
In base 16, what is 32 - -1f?
51
In base 15, what is 4 + ed?
102
In base 2, what is -10 - -11100011?
11100001
In base 2, what is 110010010000 - -10?
110010010010
In base 12, what is -8 - -184?
178
In base 9, what is 18 - -412?
431
In base 12, what is -7 - 49?
-54
In base 12, what is 8a + -ba?
-30
In base 11, what is -1 + -97?
-98
In base 5, what is 231 + 33?
314
In base 14, what is 3 - bd?
-ba
In base 11, what is -122 + 7?
-116
In base 5, what is 100014 - 1?
100013
In base 15, what is -3 - -c6?
c3
In base 9, what is -27 + -430?
-457
In base 7, what is 3 + 333?
336
In base 14, what is 6 - -2?
8
In base 10, what is 487 + 5?
492
In base 6, what is 100532 - 2?
100530
In base 10, what is -5 - 89?
-94
In base 14, what is -4 + 19?
15
In base 13, what is 7154 + 0?
7154
In base 9, what is 1532 - 2?
1530
In base 12, what is -1 + 5b9?
5b8
In base 9, what is 252 - 3?
248
In base 10, what is 12 + 272?
284
In base 4, what is 1002 - 0?
1002
In base 11, what is 278 - 16?
262
In base 15, what is -bb - -1?
-ba
In base 7, what is -12 - 15?
-30
In base 3, what is 21101 - 12?
21012
In base 15, what is -9 + -a9?
-b3
In base 3, what is 122 - -100121?
101020
In base 2, what is 1 - -110?
111
In base 7, what is -4 + 5500?
5463
In base 5, what is 2 - -32142?
32144
In base 4, what is -1121220 + 10?
-1121210
In base 10, what is -1369 + 3?
-1366
In base 8, what is 55 + -53?
2
In base 15, what is -4 + 440?
43b
In base 5, what is -2 - 20324?
-20331
In base 5, what is -102 - -2?
-100
In base 8, what is 1 + 17?
20
In base 11, what is -1770 + 2?
-1769
In base 2, what is 100 + -10001001?
-10000101
In base 2, what is 100 - 110100?
-110000
In base 9, what is 0 - 2311?
-2311
In base 13, what is c - 4b?
-3c
In base 16, what is 5 + 125?
12a
In base 11, what is 8 + 1?
9
In base 8, what is -6 + -2014?
-2022
In base 16, what is 495 + -9?
48c
In base 5, what is 10 + 103142?
103202
In base 3, what is -1 + -10020100?
-10020101
In base 3, what is -1212 + -2?
-1221
In base 12, what is 19 + 56?
73
In base 10, what is -21 + 3?
-18
In base 16, what is 520b - 5?
5206
In base 13, what is 57 + 9?
63
In base 9, what is -780 - -5?
-774
In base 11, what is -49 + 22?
-27
In base 6, what is -12310 - -4?
-12302
In base 5, what is 43 - -102?
200
In base 3, what is 1 + 1122012?
1122020
In base 10, what is -2111 + 3?
-2108
In base 5, what is -3 + 23241?
23233
In base 15, what is 5 + 19?
1e
In base 13, what is -1235 - 5?
-123a
In base 3, what is -22011 + -1?
-22012
In base 5, what is 24 + 14?
43
In base 13, what is 440 - 6?
437
In base 13, what is -5 - 1a?
-22
In base 2, what is -10 + -110100?
-110110
In base 15, what is -9 - -1b?
12
In base 7, what is 3 + 31?
34
In base 15, what is -88 + -4e?
-d7
In base 6, what is -51 - 153?
-244
In base 7, what is 1535 - 15?
1520
In base 11, what is 2a07 - 4?
2a03
In base 5, what is 0 + 143?
143
In base 5, what is 0 + -2122?
-2122
In base 14, what is 0 - 4?
-4
In base 7, what is 3 + -550?
-544
In base 16, what is 82f - 7?
828
In base 10, what is -1963 - -1?
-1962
In base 9, what is -12 + -314?
-326
In base 2, what is -1 + 10000010?
10000001
In base 16, what is -1 - 23?
-24
In base 4, what is 0 + 313123?
313123
In base 15, what is 1 - 124?
-123
In base 9, what is 5 - -124?
130
In base 16, what is -2d1 - -1?
-2d0
In base 10, what is -35 + 34?
-1
In base 15, what is c - 127?
-11a
In base 14, what is 3 - -4c8?
4cb
In base 4, what is -2 - 10?
-12
In base 16, what is 1 - -430?
431
In base 4, what is -30011 + 13?
-23332
In base 10, what is -1063 + -2?
-1065
In base 16, what is -3 + 13f?
13c
In base 14, what is 1b75 - 1?
1b74
In base 4, what is -1113 + -202?
-1321
In base 15, what is -121 + 21?
-100
In base 7, what is 151 + 111?
262
In base 6, what is -5312 + 10?
-5302
In base 6, what is -1 + 10333?
10332
In base 14, what is 18 - -c?
26
In base 14, what is 3 - 91?
-8c
In base 15, what is 3 - ca?
-c7
In base 3, what is -1121 - 2201?
-11022
In base 2, what is 11100100 - 1010?
11011010
In base 11, what is 6 + -76?
-70
In base 14, what is -d2a + 3?
-d27
In base 2, what is -1000000 - -1010111?
10111
In base 16, what is 4 + 71?
75
In base 10, what is 511 + -5?
506
In base 13, what is -81 + 9?
-75
In base 12, what is -7 + 3?
-4
In base 13, what is 6 - 89c?
-896
In base 3, what is 1112 + 102?
1221
In base 10, what is -822 + -1?
-823
In base 3, what is -10211 + 11?
-10200
In base 5, what is -234 - 1121?
-1410
In base 16, what is 5 + 12?
17
In base 6, what is -15 + 134?
115
In base 2, what is 1000 - -110100?
111100
In base 2, what is -100100 - 1110101?
-10011001
In base 16, what is 3 - -1b3?
1b6
In base 5, what is 1 + 1224?
1230
In base 12, what is 1 + -b23?
-b22
In base 8, what is 5 + -1471?
-1464
In base 6, what is 143 - -10?
153
In base 13, what is 12 + b6?
c8
In base 8, what is -1 + -17?
-20
In base 11, what is 2 + -56?
-54
In base 2, what is -10000010 - 1000?
-10001010
In base 3, what is -200111 - -2?
-200102
In base 8, what is 2237 + -2?
2235
In base 16, what is 60e5 + 0?
60e5
In base 8, what is -3 + 2430?
2425
In base 6, what is 255 - -4?
303
In base 15, what is -d - 51?
-5e
In base 10, what is 4 - 59?
-55
In base 6, what is -3452 - 5?
-3501
In base 15, what is 7 + 91?
98
In base 7, what is 3 + -545?
-542
In base 9, what is -2 + -40?
-42
In base 4, what is 12 + -23212?
-23200
In base 2, what is 0 - 110000?
-110000
In base 10, what is -1813 - 2?
-1815
In base 14, what is -9 + -2?
-b
In base 15, what is d7 - 0?
d7
In base 11, what is 0 + 1555?
1555
In base 6, what is 40 + 124?
204
In base 3, what is 2201 + 11?
2212
In base 4, what is 112 - -1?
113
In base 2, what is 1 - -10000101110?
10000101111
In base 12, what is -2b6 + 5?
-2b1
In base 13, what is -14 - 5?
-19
In base 16, what is -582 + 2?
-580
In base 12, what is 3 - 32?
-2b
In base 14, what is 729 + 4?
72d
In base 8, what is -3426 - 5?
-3433
In base 13, what is 1 - -19b?
19c
In base 6, what is -1422 + 3?
-1415
In base 12, what is -1 + -9?
-a
In base 3, what is 0 + 102?
102
In base 13, what is 647 + -1?
646
In base 7, what is -440 + -5?
-445
In base 4, what is -100113 - -120?
-33333
In base 12, what is -218 - 2?
-21a
In base 4, what is 13303 + 3?
13312
In base 16, what is -5 + -214?
-219
In base 16, what is 2cb - -3?
2ce
In base 15, what is -1175 + 5?
-1170
In base 12, what is 1b0 - 3?
1a9
In base 12, what is 3a - 3?
37
In base 2, what is 0 + 1111101011?
1111101011
In base 14, what is -36 + 40?
8
In base 11, what is 40 - 124?
-94
In base 8, what is -20 + -174?
-214
In base 5, what is 10 - 1121?
-1111
In base 9, what is -216 - 5?
-222
In base 7, what is -4 + -52?
-56
In base 3, what is -10 - 100?
-110
In base 9, what is -4 + 662?
657
In base 11, what is 1 - 195?
-194
In base 11, what is -4 + 925?
921
In base 13, what is -1 + 72?
71
In base 4, what is -100 + -22?
-122
In base 10, what is -5 - 84?
-89
In base 7, what is 136 + -1?
135
In base 8, what is 246 - 75?
151
In base 14, what is 4 + 6bb?
6c1
In base 15, what is -5 + -13d?
-143
In base 5, what is 1413044 + -2?
1413042
I